{"id":60,"date":"2018-04-27T22:09:24","date_gmt":"2018-04-27T22:09:24","guid":{"rendered":"https:\/\/ssylvia.uber.space\/?post_type=product&#038;p=60"},"modified":"2025-06-04T20:29:42","modified_gmt":"2025-06-04T20:29:42","slug":"biogartendunger-mit-guano-4-kg-eimer","status":"publish","type":"product","link":"https:\/\/mein-biogarten.com\/?product=biogartendunger-mit-guano-4-kg-eimer","title":{"rendered":"bioGartend\u00fcnger mit Guano: 4,0 kg Eimer"},"content":{"rendered":"<p class=\"font_8\"><span class=\"color_2\">N\u00e4hrstoffreicher, organisch-mineralischer Volld\u00fcnger f\u00fcr die nat\u00fcrliche D\u00fcngung im Haus- und Kleingarten, insbesondere\u00a0f\u00fcr Obst\u00a0und Beeren, Gem\u00fcse und Kr\u00e4uter. <\/span><\/p>\n<p class=\"font_8\"><span class=\"color_2\">Keine Chemie \u2013 100 % nat\u00fcrliche Inhaltsstoffe, mit echtem Guano und pflanzlichen Reststoffen aus der Lebensmittelverarbeitung. Bio gem\u00e4\u00df EG-\u00d6ko-Verordnung Nr. 834\/2007.<\/span><\/p>\n<p class=\"font_8\"><span class=\"color_2\">Der\u00a0<\/span><span class=\"color_2\">Biod\u00fcnger enth\u00e4lt alle Haupt- und Spurenn\u00e4hrstoffe f\u00fcr ein optimales Gedeihen Ihrer Pflanzen. Schonende Wirkungsweise, da geringe Salzbelastung und chloridarm. <\/span><\/p>\n<p class=\"font_8\"><span class=\"color_2\">Eine starke Wurzelbildung sowie ein kr\u00e4ftiges und gesundes Pflanzenwachstum sichern Ihnen eine reichhaltige Ernte an erstklassigen und schadstofffreien Fr\u00fcchten.\u00a0<\/span><\/p>\n<p class=\"font_8\"><span class=\"color_2\">Die feink\u00f6rnigen Pellets garantieren eine staubfreie und bequeme Ausbringung, dank der beigelegten Dosierschaufel ist die Mengendosierung kein Problem.<\/span><\/p>\n","protected":false},"excerpt":{"rendered":"<h5 class=\"font_5\"><span class=\"color_29\">Produkteigenschaften<\/span><\/h5>\n<ul class=\"font_8\">\n<li>\n<p class=\"font_8\"><span class=\"color_2\">organisch-mineralischer NPK-D\u00fcnger 8+4+6 in Bio-Qualit\u00e4t<\/span><\/p>\n<\/li>\n<li>\n<p class=\"font_8\"><span class=\"color_2\">mit 2,4 % Magnesiumoxyd,\u00a03,6\u00a0%\u00a0Schwefel und Spurenn\u00e4hrstoffen<\/span><\/p>\n<\/li>\n<li>\n<p class=\"font_8\"><span class=\"color_2\">aus 100 % nat\u00fcrlichen Inhaltsstoffen, mit viel echtem Guano<\/span><\/p>\n<\/li>\n<li>\n<p class=\"font_8\"><span class=\"color_2\">Sofort- und Langzeitwirkung \u00fcber 8-10 Wochen<\/span><\/p>\n<\/li>\n<li>\n<p class=\"font_8\"><span class=\"color_2\">f\u00fcr den \u00f6kologischen Landbau bzw. Gartenbau geeignet<\/span><\/p>\n<\/li>\n<li>\n<p class=\"font_8\"><span class=\"color_2\">f\u00f6rdert die Bodenfruchtbarkeit durch den hohen Gehalt an organischer Substanz<\/span><\/p>\n<\/li>\n<li>\n<p class=\"font_8\"><span class=\"color_2\">die praktische Pelletform des D\u00fcngers erlaubt eine gezielte, staubfreie Anwendung<\/span><\/p>\n<\/li>\n<\/ul>\n","protected":false},"featured_media":42,"template":"","meta":[],"product_brand":[],"product_cat":[46],"product_tag":[],"class_list":{"0":"post-60","1":"product","2":"type-product","3":"status-publish","4":"has-post-thumbnail","6":"product_cat-bioduenger","8":"first","9":"outofstock","10":"taxable","11":"shipping-taxable","12":"purchasable","13":"product-type-simple"},"jetpack_sharing_enabled":true,"_links":{"self":[{"href":"https:\/\/mein-biogarten.com\/index.php?rest_route=\/wp\/v2\/product\/60","targetHints":{"allow":["GET"]}}],"collection":[{"href":"https:\/\/mein-biogarten.com\/index.php?rest_route=\/wp\/v2\/product"}],"about":[{"href":"https:\/\/mein-biogarten.com\/index.php?rest_route=\/wp\/v2\/types\/product"}],"wp:featuredmedia":[{"embeddable":true,"href":"https:\/\/mein-biogarten.com\/index.php?rest_route=\/wp\/v2\/media\/42"}],"wp:attachment":[{"href":"https:\/\/mein-biogarten.com\/index.php?rest_route=%2Fwp%2Fv2%2Fmedia&parent=60"}],"wp:term":[{"taxonomy":"product_brand","embeddable":true,"href":"https:\/\/mein-biogarten.com\/index.php?rest_route=%2Fwp%2Fv2%2Fproduct_brand&post=60"},{"taxonomy":"product_cat","embeddable":true,"href":"https:\/\/mein-biogarten.com\/index.php?rest_route=%2Fwp%2Fv2%2Fproduct_cat&post=60"},{"taxonomy":"product_tag","embeddable":true,"href":"https:\/\/mein-biogarten.com\/index.php?rest_route=%2Fwp%2Fv2%2Fproduct_tag&post=60"}],"curies":[{"name":"wp","href":"https:\/\/api.w.org\/{rel}","templated":true}]}}